 + 148. Calculate the remainder when i is divided by y.
7
Suppose 2*j + 5 + 3 = 0. Let v be 2/(-2)*j*1. Suppose v*o + 5*m = 41, 10 = o - 0*m + m. What is the remainder when 17 is divided by o?
8
What is the remainder when (113/(-4))/(-1) - 7/28 is divided by 6?
4
Let v(q) = 12*q - 8. Let f(s) = -12*s + 7. Let x(r) = 6*f(r) + 5*v(r). Let i be x(2). Calculate the remainder when (-468)/(-33) - (-4)/i is divided by 5.
4
What is the remainder when 4/6 - 97/(-3) is divided by 12?
9
Let s(i) be the first derivative of -i**3/3 - i**2 + 3*i - 2. Let w be s(2). Let n(x) = -3*x - 5. What is the remainder when n(w) is divided by 6?
4
Let f(h) = -72*h**3 + h**2 + h. What is the remainder when f(-1) is divided by 19?
15
What is the remainder when (1/(-2))/(1/(-156)) is divided by 3197/115 + (-8)/10?
24
Let m = 116 - 109. Let w(o) = 5*o - 2. What is the remainder when w(4) is divided by m?
4
Let a(g) = 4*g - 16. Calculate the remainder when a(12) is divided by 6.
2
Suppose -34 = -2*y - 0*a - 2*a, 2*y = 2*a + 26. Calculate the remainder when y is divided by 11.
4
Let o = -1 + 7. Suppose -68 = -o*i + 4*i. Calculate the remainder when i is divided by 18/4*16/6.
10
Let n(l) = 17*l**2 + 2*l - 3. Calculate the remainder when ((-108)/(-48))/((-2)/(-40)) is divided by n(1).
13
Let a(s) = s**2 - s + 1. Calculate the remainder when (960/(-672))/((-2)/70) is divided by a(4).
11
Let b(k) = 5*k + 2. Suppose 0 = u - 5*p - 30, -3*p - 4 - 1 = 2*u. What is the remainder when b(u) is divided by 7?
6
Suppose 3*x - 1 = 4*b - 12, -4*b + 4*x = -12. Calculate the remainder when (-6)/(-3) - 2/(-1) is divided by b.
0
Let t = 17 - 4. Let a = -128 - -132. Calculate the remainder when t is divided by a.
1
What is the remainder when 22 is divided by ((-30)/(-18))/(1/3)?
2
Let i = -2 - 0. Let j be i/(-13) - 380/(-65). Suppose -j*w = -w - 250. What is the remainder when w is divided by 26?
24
Suppose -26 = -h - 2. Let r = h + -12. Calculate the remainder when 22 is divided by r.
10
Suppose 0 = -15*l + 20*l. Suppose -5*x - 3*g - 27 + 102 = 0, l = x - 5*g - 15. What is the remainder when 43 is divided by x?
13
Let t(j) be the third derivative of 4*j**2 + 5/12*j**4 - 11/60*j**5 - 11/6*j**3 + 0 + 0*j - 1/120*j**6. What is the remainder when 36 is divided by t(-12)?
10
Suppose -22 = -3*s + s. Calculate the remainder when 19 is divided by s.
8
Suppose -3*h - 35 = -8*h. Let z = 26 - 14. What is the remainder when z is divided by h?
5
Suppose 12 + 30 = 3*c. Let n be (-1 + -4)*18/(-2). Suppose 3*t - n = 33. What is the remainder when t is divided by c?
12
Let j(i) = -i. Let p be j(-1). Suppose 3*z + 5*q + 0 + 1 = 0, 3*z = -4*q + p. Suppose 40 = z*w + 7. Calculate the remainder when 43 is divided by w.
10
Let k = 78 + -34. Let l(p) = p**3 - 2*p**2 - 4*p - 5. Let n be l(6). Suppose n = 5*s - 0*s. What is the remainder when k is divided by s?
21
Let o(t) = 3*t**2 - 4*t - 10. Calculate the remainder when o(-5) is divided by 22.
19
Let h = 3 - 1. Let r(i) = -i**2 + 6*i + 5. Let t be r(6). Suppose k - 13 + 3 = -l, 30 = t*k + l. Calculate the remainder when k is divided by h.
1
Suppose 5*t - 5*y = 0, -y + 6 = 4*t - 2*y. Let f = -18 + 18. Suppose -3*n - 3*l = -27, 0 = n - f*n + t*l - 5. Calculate the remainder when n is divided by 7.
6
Let x(g) = -g + 19. What is the remainder when 5 is divided by x(17)?
1
Let x be -2 + (-1 - (-126)/3). Let p = x - 68. Let u = 52 + p. Calculate the remainder when u is divided by 8.
7
Let a be (-21)/(-35) + (-194)/(-10). Suppose -a = -5*u, 4*g - 4*u - 26 = 78. Calculate the remainder when g is divided by 8.
6
Suppose 2*g - 23 = -7. Let r(v) be the third derivative of v**5/10 + v**4/12 + v**3/6 + 2*v**2. Calculate the remainder when g is divided by r(-1).
3
Let d(t) be the third derivative of -t**6/20 + t**5/60 - t**4/24 - t**3/6 - 4*t**2. Calculate the remainder when d(-1) is divided by 3.
1
Suppose 5*y - 210 = -0*y. Calculate the remainder when y is divided by 15.
12
Suppose 0 = -4*a - 16, 76 = 11*d - 6*d + a. Suppose 3*p + 5*l - 1 = 79, 0 = 4*l + 8. What is the remainder when p is divided by d?
14
Let m be (9/3*6)/(-1). Let o = m + 86. Suppose -2*r - o = -6*r. What is the remainder when 33 is divided by r?
16
Let d be (0 + 3)*40/(-12). Let v = -6 - d. Let p = v - 1. What is the remainder when 7 is divided by p?
1
Let u(g) = g**3 - 26*g**2 - 2*g + 62. What is the remainder when u(26) is divided by 2?
0
Suppose -6*z = 44 - 578. What is the remainder when z is divided by 15?
14
What is the remainder when (-2)/(-6) + 128/12 is divided by 7?
4
Let o = -12 - -19. Suppose -l + 1 + 18 = 0. Calculate the remainder when l is divided by o.
5
Suppose 0 = 3*m + 2*i + i - 54, i = 5*m - 102. Suppose -6*j + 232 = -2*j. Calculate the remainder when j is divided by m.
18
Let k = -288 + 204. Let t = k + 153. Suppose -95 = -5*p + 3*g, -2*g + 7*g - t = -2*p. Calculate the remainder when p is divided by 6.
4
Let s = 120 + -80. Calculate the remainder when 22 is divided by (s/12)/2*3.
2
Let k(s) = s**2 - 15*s. What is the remainder when k(17) is divided by 13?
8
Suppose n - 5*c = -9, c - 38 = -2*n - 3*c. Calculate the remainder when n is divided by 4.
3
Suppose -5*t = -2*j - 22, 3*t + t + j - 28 = 0. Suppose t*y - 2*y - 4 = 0. Calculate the remainder when y is divided by 1.
0
What is the remainder when -2 + (-28)/(-2) + -1 is divided by (96/(-120))/(2/(-10))?
3
Suppose -4*b = 5*o - 6, -o = 4*b - 2*b. Let v(w) = -w**2 - 5*w + 8. Let u be v(-6). Suppose o*j - 4 = -u*j. Calculate the remainder when 2 is divided by j.
0
Let d be (0/2 - 0)/(-1). Suppose 4*j - 14 - 10 = d. Suppose 6 = 3*b - 45. Calculate the remainder when b is divided by j.
5
Let c be (2/4)/((-3)/6). Let v be -6*c/(-3)*1. Let r = 11 - v. What is the remainder when 38 is divided by r?
12
Suppose -2*y + 3*y + 4*u = 43, 4*y - u = 104. Calculate the remainder when 53 is divided by y.
26
Let t = -15 + -3. Calculate the remainder when t/(-4) + 3/6 is divided by 2.
1
Suppose -11 = -2*g + 9. Let a be (3 - 2)/((-2)/(-38)). Let s = a + 18. What is the remainder when s is divided by g?
7
Let i be (-930)/(-3) + (-2 - 0). Suppose 0 = 5*u + z + 701, 394 + i = -5*u - 2*z. Calculate the remainder when ((-12)/30)/(2/u) is divided by 15.
13
Let i = 26 + -13. Let s = i + -6. Calculate the remainder when 11 is divided by s.
4
Let h(c) = c**3 + 2*c**2 - 4*c - 1. Let s be h(-3). Suppose -10 = -s*j - 3*j. Let m(q) = -q**3 + 2*q**2 + 2. Calculate the remainder when m(2) is divided by j.
0
Let u(i) = -5 + 11*i - 8 + 2 + 9*i**2 - i**2 - i**3. Let z = 21 - 12. What is the remainder when 20 is divided by u(z)?
6
Let w = 22 - 4. Let r(g) = -5*g**3 + g**2 - 1. Let y be r(-1). Suppose 3*j = -5*f - y - 5, -j - 15 = 4*f. What is the remainder when w is divided by j?
3
Let h(s) = s**2 - 2*s. What is the remainder when h(-6) is divided by (-2)/(4 - 2) + 26?
23
Let j = 12 - 5. Suppose 0 = j*z - 2*z - 100. What is the remainder when 37 is divided by z?
17
Suppose 0*l - 31 = -2*l - 5*q, 5*l = 4*q + 61. Let o be (-2)/(-5) + (-34)/10. Calculate the remainder when 26 - (3*-1)/o is divided by l.
12
Let v = 4 - 27. Let h = 38 + v. Calculate the remainder when 44 is divided by h.
14
Suppose -4*r = w - 2*w - 197, -4*w - 151 = -3*r. Let o = 17 - 0. What is the remainder when r is divided by o?
15
Suppose -4*d + 5*a + 43 = -10, 5*d + 4*a - 15 = 0. Let m = 170 - 157. What is the remainder when m is divided by d?
6
Let q(k) = -21*k. Let s be q(1). Let h = -15 - s. What is the remainder when 10 is divided by h?
4
Let r = 110 + -84. Calculate the remainder when r is divided by 5.
1
Suppose 0 = -y + 2. Let g be (-2)/11 + 120/(-66). Calculate the remainder when (-1)/g - 6/(-4) is divided by y.
0
Suppose 0 = 5*m + 11 + 4. Let t be 0*(m/2 + 1). Suppose t = -z + k + 20, 6*z + 5*k = 4*z + 75. What is the remainder when 73 is divided by z?
23
Let h(s) be the first derivative of -s**2 - 8*s - 5. Calculate the remainder when h(-6) is divided by 3.
1
Let s(v) = -v**3 - v**2 - v + 19. Calculate the remainder when s(0) is divided by 11.
8
Let o(b) = b**2 - 17*b + 8. Calculate the remainder when 15 is divided by o(17).
7
Let i be 102/9 - 2/6. Suppose -3 = -2*c + i. Suppose -5*q - v = -24, -q - 5*v + 17 = -c. Calculate the remainder when 7 is divided by q.
3
Let y = 24 + -23. Let o = 1 + -2